(w) = -w**2 - 16*w - 14. What is the units digit of a(-15)?
1
Let n(u) = -2*u + 18. Let t be n(9). Let a(s) = -8*s - 4. Let q be a(-4). Suppose t = -l + 4*o - 9, q = -5*l + 3*o + 68. What is the units digit of l?
1
Let v = -48 + 86. What is the units digit of v?
8
Let z(g) = -g**2 - 3*g - 2. Let m be z(-2). Suppose -3*d + m*n = -3*n - 21, -d + 3*n = -7. What is the units digit of d?
7
What is the units digit of -2 + (2*-79)/(-2)?
7
Let v(i) = 35*i + 33. What is the hundreds digit of v(7)?
2
Let q = 117 + -62. Let a = q + -24. What is the tens digit of a?
3
Suppose -3*a + 0*i - 3 = -i, a = -4*i + 12. Let p(w) = -w**3 + w**2 + 2. What is the units digit of p(a)?
2
Let d = 6 - 3. Suppose d*t + 2*t = 20. What is the units digit of t?
4
Suppose 0*m + 834 = 3*m. Suppose 2*x - 4*v + m = -0*x, v = 5*x + 677. What is the units digit of x/(-20) + 2/8?
7
What is the units digit of ((-15)/10)/((-2)/4)?
3
Let u = -25 - -63. What is the tens digit of u?
3
Let f(w) = w**3 + 5*w**2 + 5*w + 6. Let i be f(-4). Let v(p) = 2 - 1 + 4 + p**i + p. What is the units digit of v(0)?
5
Let b(l) = l**3 + 9*l**2 - 15*l - 17. Let h be b(-10). Suppose 147 = 4*i - h. What is the units digit of i?
5
What is the units digit of (6 - 2090/(-35)) + 4/14?
6
Suppose -g + 3*x + 12 = 0, 0*g + 2*g - 17 = -x. What is the units digit of g?
9
Let n be (-8)/44 - (-662)/11. Suppose -k = -3*k + n. What is the tens digit of k?
3
Suppose -4 = 2*l - 3*l. Suppose 0 = -l*n + 16 + 56. What is the units digit of n?
8
Suppose -p = 19 + 26. What is the units digit of 1 - 8/4 - p?
4
Let s(x) = -x**3 - 5*x**2 - 6*x - 7. What is the tens digit of s(-5)?
2
Let j(t) = t. Let r = 2 - 0. Let x be j(r). Let s(o) = 2*o**2 - o. What is the units digit of s(x)?
6
Let p(b) = -b**2 + b + 1. Let w(k) = 5*k**3 + 7*k**2 - 7*k - 6. Let a(x) = 6*p(x) + w(x). Let m be a(1). Suppose -y + m = 3. What is the units digit of y?
2
Suppose -4 = -3*c - x, -3 = -4*c - x + 2. Let u = c - -14. What is the units digit of u?
5
Let f(r) = -r**2 - 23*r - 24. What is the hundreds digit of f(-13)?
1
Let c = -158 + 234. Suppose -5*k + 14 = -c. What is the units digit of k?
8
Let b(v) = 3*v**3 - 12*v**2 + 15*v - 8. Let c(f) = -4*f**3 + 18*f**2 - 22*f + 12. Let x(d) = 7*b(d) + 5*c(d). What is the units digit of x(-6)?
4
Suppose 5*i = 247 - 87. What is the units digit of i?
2
Let z = 10 - -10. What is the tens digit of z?
2
Let s = 12 + 36. What is the tens digit of 22/(-4)*s/(-6)?
4
Suppose -52 = -4*l + q, -l - q + 13 = 4*q. Suppose l = k + 5. Suppose 5*h - 12 - k = 0. What is the units digit of h?
4
Let j = -17 - -10. Let z = 23 + j. What is the tens digit of z?
1
Suppose -3*f + 3 = z - 1, -f - 4 = 3*z. Suppose 0 = -u + 2*t + 15, t = -f*u + 43 - 8. What is the tens digit of u?
1
Let o = 2 - -1. Let m be 9/o + 30 + -1. Let t = m - 16. What is the tens digit of t?
1
What is the units digit of -1 - (280/(-5) - -3)?
2
Let t = -1 - -4. Suppose 0 = -t*j + 6*j - 15. Suppose -43 = -j*q - 13. What is the units digit of q?
6
Suppose 5*n + 15 = 0, -2*z = 3*z + 4*n - 523. What is the units digit of z?
7
Suppose 8*t = 5*t + 147. What is the units digit of t?
9
Suppose -a + 21 = -4*j, -39 + 207 = 4*a + 5*j. What is the tens digit of a?
3
What is the units digit of 16 + 6/3*-2?
2
What is the units digit of (12/(-9) - -1)*-6 - -13?
5
Let m = -6 - -4. Let u be ((-6)/4)/3*m. What is the units digit of 2*5*u/2?
5
Suppose 2*b + 11 = 1. Suppose 0*p + 2*p - 28 = 0. Let q = p + b. What is the units digit of q?
9
Let i(c) = c + 1. Let s = 5 - 3. Let k be i(s). Suppose 0 = 3*v - 12 - k. What is the units digit of v?
5
Suppose -3*f + 114 = -3*g, -6 = -5*g + 2*g. Let c = f - -1. What is the tens digit of c?
4
Suppose l = 4*x + 4, -2*l - 3*x = -3 + 6. Let k be l + -2 + 1 - 5. What is the units digit of ((-3)/k)/(1/12)?
6
Suppose -4*b + b + 9 = 0. Suppose 7*d - b*d = 8. Suppose d*p + 6 = 0, -5*h + 0*p = 5*p. What is the units digit of h?
3
Suppose -4*i + t = -3*t - 136, -5*i - 4*t = -170. What is the units digit of i?
4
Let j(l) = -l**2 + 8*l + 6. Let t be j(9). Let n be -1*3/t + 1. What is the units digit of -1 + n/(4/6)?
2
Let y be 18/24 - 186/(-8). What is the units digit of (-304)/(-10) - y/(-40)?
1
Let f(l) = l**3 - 13*l**2 + 15*l - 1. What is the tens digit of f(12)?
3
What is the tens digit of (-955)/(-10) + (-1)/2?
9
Let x be (24/20)/(9/(-30)). Let p(y) = -3*y**2 + 5*y - 1. Let i(g) = 4*g**2 - 6*g + 2. Let s(m) = 4*i(m) + 5*p(m). What is the units digit of s(x)?
5
Let a = 27 - 38. What is the tens digit of 3 - a - (0 + -2)?
1
Suppose -2*d = -4*d - 6. Let g(l) = l**2 - 2*l - 4. What is the units digit of g(d)?
1
Suppose -90 = -5*y + 7*h - 3*h, 0 = -y + 2*h + 24. Let i be 2*y*2/8. Suppose -3*c + i = -2*c. What is the units digit of c?
7
Suppose 0 = -4*u + 195 + 225. What is the tens digit of u?
0
What is the units digit of 8/3*(-2 + (-37)/(-2))?
4
Let r(p) = 25*p - 1. Let f be ((-1)/(-6))/((-2)/(-12)). What is the units digit of r(f)?
4
Let s = -13 - -20. What is the units digit of s?
7
Let s(k) = -k**2 - 7*k + 2. Let l be s(-6). Let h = l - -4. Suppose -4*p + j = -p - 4, -p - h = -3*j. What is the units digit of p?
3
Let o = -9 - -9. Suppose o = 4*r + 3*q - 127, 0*r + 97 = 3*r + 4*q. What is the tens digit of r?
3
Let t = 32 - -39. What is the units digit of t?
1
Let w = -69 + 200. What is the hundreds digit of w?
1
What is the units digit of (-221)/(-34)*(6 - 0)?
9
Let z(x) = -x + 3 + x**3 + 2*x - 3*x**2 - 2*x**2. Let s be z(5). Suppose -c + 5*c + 2*u - 8 = 0, 2*c = -3*u + s. What is the units digit of c?
1
What is the tens digit of (280/6 - -3)/((-4)/(-12))?
4
Suppose 14 = -s + 18. Suppose s*y + y - 40 = 0. What is the units digit of y?
8
Suppose -4*i + 2*p + 3*p = -168, -p = i - 51. What is the tens digit of i?
4
Let o = 4 + -4. Suppose 4*d - 9*d = -2*a + 51, -2*a + 4*d + 48 = o. What is the units digit of a?
8
Let g = 38 - 32. What is the units digit of g?
6
Let p = -5 + 7. Let z = p - -4. What is the units digit of z?
6
Let r be -5*4/(-30)*-12. What is the tens digit of (6/r)/((-1)/24)?
1
Let z(g) = g**3 - 2*g**2 - g - 4. Let n(v) be the second derivative of -v**5/20 - v**4/4 + 3*v**2/2 - v. Let c be n(-3). What is the units digit of z(c)?
2
Let f(q) = -q. Let p(v) = 8*v - 1. Let i(z) = -6*f(z) - p(z). Let b = -13 - -12. What is the units digit of i(b)?
3
Suppose 0 = -x + 3*q + 39, -4*q - 8 = -2*q. Suppose 0 = v - 5*u - x, -v + 3*u + 45 = 2*v. What is the tens digit of v?
1
Suppose -4 = 2*v - 5*f - 72, v = -2*f + 25. Let q = v + -21. What is the units digit of q?
8
Let z(n) = -n**3 + 5*n**2 + n. Let s be z(5). Suppose 9*a - s*y - 10 = 4*a, 29 = -3*a - 4*y. Let d(o) = o**2 + 3*o + 3. What is the units digit of d(a)?
3
Suppose -a - 3*r = 3*a - 17, 0 = -3*a + 2*r. Suppose -g + a*g - 4 = 0. What is the units digit of g?
4
Suppose -18 + 3 = -5*n. Suppose 3*k = -2*g + 24 + 1, 5 = 4*g - n*k. Suppose -g*l + 2*l + 3 = 0. What is the units digit of l?
1
Let w(n) = n**3 + 5*n**2 + 2. Let q be 1 - 2/(-4)*2. Suppose 5*a + 29 = 4*u, a = 4*a - q*u + 17. What is the units digit of w(a)?
2
Let h(y) = -18*y - 1. Let k(z) = 19*z + 1. Let p(q) = 3*h(q) + 4*k(q). What is the units digit of p(1)?
3
What is the tens digit of (2/(-6))/(2/498*-1)?
8
Let a(t) = -t + 4. Let l be a(-5). Let b(w) be the first derivative of -w**3/3 + 11*w**2/2 - 8*w + 1. What is the tens digit of b(l)?
1
Let z(g) = -g - 17. Let b(u) = -u - 16. Let x(a) = -6*b(a) + 5*z(a). What is the units digit of x(-10)?
1
Let w(a) = -a**3 + 2*a. Let k(m) = m + 1. Let r be k(-3). Let t be w(r). Suppose 0*y - 12 = -t*y. What is the units digit of y?
3
Let l(u) = 74*u**2 - 2*u - 1. What is the tens digit of l(-1)?
7
Let v = 2 - 14. Let r = 2 - v. What is the units digit of r?
4
Let i(a) = a**2 + 6*a - 13. What is the units digit of i(-10)?
7
Let b(z) = z**2 - 6*z - 17. What is the hundreds digit of b(-12)?
1
Let h = -25 - -78. What is the units digit of h?
3
Suppose -3*l - 21 = 3*y, 3*y = 4*y - 4*l - 13. Let q = y + 7. What is the units digit of q?
4
Suppose 0*z = 5*z - 65. What is the tens digit of z?
1
Let b(v) = 4*v**2 - 8*v + 15. What is the units digit of b(3)?
7
Suppose -5*m - 78 = -3*r, 2*r - 52 = -0*r - m. Suppose 2*z = 2*k - 8, -2*k = 2*z + 2*k + r. Let w = z + 11. What is the units digit of w?
4
Let m